 is the remainder when 394071 is divided by 394069?
2
What is the remainder when 141493 is divided by 33122?
9005
Calculate the remainder when 97561837 is divided by 68.
61
Calculate the remainder when 207595 is divided by 1644.
451
Calculate the remainder when 1356773 is divided by 11798.
3
Calculate the remainder when 9031373 is divided by 30.
23
What is the remainder when 3621794 is divided by 2600?
2594
Calculate the remainder when 163187 is divided by 279.
251
Calculate the remainder when 11783474 is divided by 215.
184
Calculate the remainder when 2072516 is divided by 78.
56
Calculate the remainder when 205710 is divided by 7086.
216
Calculate the remainder when 510734 is divided by 454.
438
What is the remainder when 256471 is divided by 596?
191
What is the remainder when 11685508 is divided by 16911?
7
What is the remainder when 1647725 is divided by 672?
653
Calculate the remainder when 235182 is divided by 135.
12
What is the remainder when 569372 is divided by 78?
50
Calculate the remainder when 355746 is divided by 1540.
6
What is the remainder when 30728102 is divided by 1138077?
23
What is the remainder when 66806 is divided by 13349?
61
What is the remainder when 3049485 is divided by 194?
193
Calculate the remainder when 376669 is divided by 62778.
1
Calculate the remainder when 1433225 is divided by 3333.
35
What is the remainder when 93410839 is divided by 356?
355
Calculate the remainder when 6067699 is divided by 29890.
29
What is the remainder when 17543567 is divided by 66?
41
What is the remainder when 1255762 is divided by 3291?
1891
Calculate the remainder when 94807 is divided by 14.
13
Calculate the remainder when 13760125 is divided by 620.
465
What is the remainder when 10866351 is divided by 5433169?
13
Calculate the remainder when 4031161 is divided by 8632.
17
What is the remainder when 5903248 is divided by 737905?
8
Calculate the remainder when 93735 is divided by 6249.
0
Calculate the remainder when 172755 is divided by 24674.
37
Calculate the remainder when 8171965 is divided by 64.
61
What is the remainder when 10579936 is divided by 881?
7
What is the remainder when 14053505 is divided by 171383?
99
What is the remainder when 6502478 is divided by 33?
26
What is the remainder when 629545 is divided by 2322?
283
Calculate the remainder when 121956 is divided by 1732.
716
What is the remainder when 126442 is divided by 209?
206
What is the remainder when 155603983 is divided by 22229139?
10
Calculate the remainder when 764753 is divided by 74.
37
Calculate the remainder when 26307 is divided by 2280.
1227
What is the remainder when 144558 is divided by 1227?
999
What is the remainder when 30162 is divided by 1283?
653
What is the remainder when 32097659 is divided by 2887?
2880
Calculate the remainder when 170373 is divided by 1341.
66
Calculate the remainder when 140570 is divided by 46731.
377
Calculate the remainder when 3980551 is divided by 72.
31
What is the remainder when 1410706 is divided by 1779?
1738
What is the remainder when 39923737 is divided by 25992?
25
What is the remainder when 98491330 is divided by 2531?
2527
What is the remainder when 130527854 is divided by 15?
14
Calculate the remainder when 11399811 is divided by 144299.
190
What is the remainder when 2039 is divided by 1820?
219
Calculate the remainder when 4303963 is divided by 8591.
8463
Calculate the remainder when 31914781 is divided by 44.
41
What is the remainder when 3798303 is divided by 3798301?
2
Calculate the remainder when 23331 is divided by 2817.
795
Calculate the remainder when 3436004 is divided by 1717962.
80
What is the remainder when 2448065 is divided by 20745?
155
Calculate the remainder when 5664070 is divided by 525.
370
What is the remainder when 10661 is divided by 1786?
1731
Calculate the remainder when 576399 is divided by 1690.
109
Calculate the remainder when 1071989 is divided by 60.
29
What is the remainder when 44802254 is divided by 66670?
14
What is the remainder when 223906 is divided by 74633?
7
What is the remainder when 10482245 is divided by 290?
195
Calculate the remainder when 144548238 is divided by 36706.
10
What is the remainder when 1385203 is divided by 197878?
57
Calculate the remainder when 8056893 is divided by 79.
78
Calculate the remainder when 215195 is divided by 717.
95
Calculate the remainder when 44777631 is divided by 119407.
6
What is the remainder when 368137 is divided by 61324?
193
What is the remainder when 2241651 is divided by 744?
723
What is the remainder when 316617 is divided by 8501?
2080
What is the remainder when 10750115 is divided by 407?
24
What is the remainder when 649385 is divided by 216455?
20
What is the remainder when 229270879 is divided by 1293?
1291
Calculate the remainder when 1034007 is divided by 1032458.
1549
What is the remainder when 31996479 is divided by 697?
694
What is the remainder when 751016164 is divided by 434?
430
What is the remainder when 253801378 is divided by 147?
145
Calculate the remainder when 1714597 is divided by 116.
1
What is the remainder when 164978 is divided by 3658?
368
Calculate the remainder when 13782108 is divided by 25.
8
Calculate the remainder when 19069 is divided by 6115.
724
Calculate the remainder when 41302155 is divided by 10325538.
3
What is the remainder when 2738290 is divided by 62?
60
What is the remainder when 8423966 is divided by 4211968?
30
What is the remainder when 663037198 is divided by 747?
745
Calculate the remainder when 1110422 is divided by 92531.
50
Calculate the remainder when 17657881 is divided by 246.
1
What is the remainder when 54044 is divided by 5884?
1088
What is the remainder when 767147896 is divided by 6470?
6466
Calculate the remainder when 18581163 is divided by 43212.
3
Calculate the remainder when 3436833 is divided by 74.
51
What is the remainder when 81278122 is divided by 412?
410
Calculate the remainder when 11178 is divided by 791.
104
Calculate the remainder when 3586293 is divided by 2515.
2418
Calculate the remainder when 54144 is divided by 6742.
208
What is the remainder when 7674 is divided by 3440?
794
What is the remainder when 1125985 is divided by 64?
33
What is the remainder when 336585 is divided by 1267?
830
Calculate the remainder when 22004940 is divided by 353.
332
Calculate the remainder when 55231 is divided by 2626.
85
What is the remainder when 2223749 is divided by 1420?
29
What is the remainder when 15184 is divided by 893?
3
Calculate the remainder when 42963657 is divided by 74.
71
Calculate the remainder when 553522 is divided by 59.
43
Calculate the remainder when 3581067 is divided by 4533.
4530
What is the remainder when 2685018 is divided by 671252?
10
Calculate the remainder when 226858 is divided by 37791.
112
Calculate the remainder when 1105680 is divided by 552746.
188
What is the remainder when 4318 is divided by 617?
616
What is the remainder when 2083144 is divided by 49?
7
Calculate the remainder when 2548546 is divided by 1233.
1168
Calculate the remainder when 13219529 is divided by 797.
487
Calculate the remainder when 5107643 is divided by 30955.
68
What is the remainder when 6164 is divided by 3165?
2999
What is the remainder when 4265438 is divided by 87?
2
Calculate the remainder when 16801808 is divided by 2265.
38
Calculate the remainder when 378872 is divided by 4039.
3245
Calculate the remainder when 9360114 is divided by 39.
36
What is the remainder when 576315 is divided by 30332?
7
Calculate the remainder when 1362621 is divided by 123.
27
Calculate the remainder when 1701120 is divided by 1920.
0
What is the remainder when 20344593 is divided by 11?
5
Calculate the remainder when 602020 is divided by 2417.
187
Calculate the remainder when 10875144 is divided by 4.
0
What is the remainder when 109111 is divided by 1085?
611
What is the remainder when 6546159 is divided by 752?
751
What is the remainder when 11599272 is divided by 3866423?
3
What is the remainder when 1508722 is divided by 107764?
26
Calculate the remainder when 245930 is divided by 520.
490
What is the remainder when 44519 is divided by 14002?
2513
What is the remainder when 194715 is divided by 5305?
3735
What is the remainder when 731420 i